
433
Let q(x) = -297*x - 8305. What is q(-28)?
11
Let o(g) = 4*g**3 - 260*g**2 - 5*g + 164. Calculate o(65).
-161
Let o(q) = q**2 + 56*q + 635. What is o(-16)?
-5
Let z(b) = -37*b + 214. Calculate z(8).
-82
Let a(i) = i**3 - 237*i**2 + 2061*i - 2058. Determine a(228).
-6
Let r(l) = 2*l**2 + 25*l + 544. Give r(-23).
1027
Let r(b) = 1482*b - 8923. What is r(6)?
-31
Let j(u) = -293*u - 2177. Calculate j(-8).
167
Let q(w) = 4*w**2 - 13*w - 40. Determine q(-3).
35
Let i(r) = -r**3 - 17*r**2 - 106*r - 390. Determine i(-11).
50
Let j(w) = 2*w**3 - 7*w**2 + 5*w - 12. Determine j(5).
88
Let z(r) = r**3 + 160*r**2 - 180*r - 3071. Give z(-161).
-12
Let j(m) = 3096*m + 71204. Calculate j(-23).
-4
Let n(h) = -12*h**2 + 18*h - 18. Determine n(1).
-12
Let d(u) = 12*u + 237. Give d(-25).
-63
Let h(g) = 58*g - 127. Calculate h(4).
105
Let u(i) = i**3 - 12*i**2 + 4*i - 16. Give u(9).
-223
Let l(x) = x**2 + 52*x + 262. Calculate l(-46).
-14
Let y(s) = 387*s - 8918. What is y(23)?
-17
Let m(p) = -p**3 - 4*p**2 - 41*p - 41. What is m(-1)?
-3
Let y(f) = -22*f**2 + 92*f - 24. Determine y(4).
-8
Let f(l) = -14*l + 215. Calculate f(16).
-9
Let n(r) = r**3 - 10*r**2 + 26*r - 145. Determine n(8).
-65
Let m(z) = z**3 + 9*z**2 - 53*z - 38. What is m(-13)?
-25
Let n(f) = 20*f + 347. Calculate n(-17).
7
Let v(l) = -87*l + 1292. Determine v(15).
-13
Let t(v) = -12152*v + 36475. Give t(3).
19
Let f(m) = -2*m**2 - 29*m - 59. Give f(-11).
18
Let h(i) = -662*i - 21195. What is h(-32)?
-11
Let z(q) = 687*q - 7562. What is z(11)?
-5
Let s(p) = p**2 - 86*p + 1671. Calculate s(56).
-9
Let w(t) = -2*t**3 - 59*t**2 - 32*t + 32. Determine w(-29).
119
Let w(k) = -1309*k + 48425. Determine w(37).
-8
Let n(y) = 10*y + 445. What is n(-39)?
55
Let o(r) = r**3 - 76*r**2 - 68*r - 771. What is o(77)?
-78
Let s(q) = q**2 + 21*q - 2001. Calculate s(-56).
-41
Let z(g) = -2*g**2 + 159*g - 188. Calculate z(84).
-944
Let p(v) = -2*v**2 - 432*v - 1283. Determine p(-3).
-5
Let g(w) = 23*w**2 - 2001*w + 32. Give g(87).
32
Let n(i) = 14*i**2 + 58*i. Calculate n(-3).
-48
Let d(f) = -7*f**3 - 50*f**2 + 626*f + 4425. What is d(-7)?
-6
Let t(j) = -42*j - 529. What is t(-10)?
-109
Let m(n) = 2*n**2 - 32*n - 97. Determine m(25).
353
Let u(o) = 336*o + 2044. Determine u(-6).
28
Let w(m) = -201*m + 2212. Determine w(11).
1
Let k(t) = -68*t**2 - 3*t + 10. Determine k(-3).
-593
Let l(r) = r**3 + 30*r**2 - 30*r - 712. Give l(-30).
188
Let m(l) = -l**2 + 4*l + 587. Calculate m(23).
150
Let b(x) = 10*x**2 + 38*x + 226. Give b(-7).
450
Let v(w) = -w**2 - 35*w + 278. Give v(-20).
578
Let u(l) = -20*l**2 - 1841*l - 89. What is u(-92)?
3
Let w(k) = -k**3 + 18*k**2 - 58*k + 62. Calculate w(7).
195
Let s(a) = 49*a + 456. Give s(-9).
15
Let j(h) = -27*h + 1288. What is j(46)?
46
Let l(r) = r**2 + 16*r - 66. What is l(-11)?
-121
Let s(m) = -237*m - 538. Give s(-3).
173
Let a(h) = 7*h**2 - 25*h + 92. Determine a(5).
142
Let g(k) = -k**3 - 3*k**2 + 2962*k - 335. Calculate g(-56).
1
Let y(c) = -c - 5. Calculate y(-8).
3
Let u(k) = -2*k**3 + k**2 + 12*k + 22. What is u(-3)?
49
Let i(g) = -17*g + 25. Give i(-4).
93
Let p(m) = -m**3 - 4*m**2 + 11*m - 12. Calculate p(4).
-96
Let g(y) = -2*y**2 + 65*y - 320. Calculate g(6).
-2
Let a(f) = 2*f**3 - 13*f**2 + 20*f + 7. Determine a(6).
91
Let m(b) = -1354*b - 21685. Determine m(-16).
-21
Let a(n) = -225*n - 441. Calculate a(-2).
9
Let w(u) = -545*u - 11994. Determine w(-22).
-4
Let o(q) = 20*q + 72. What is o(-3)?
12
Let g(t) = 6*t**3 - 60*t**2 - 4*t + 14. Give g(10).
-26
Let z(m) = 2*m**3 + m**2 + m. Give z(-2).
-14
Let w(x) = x**2 + 495*x - 72350. Determine w(118).
-16
Let q(m) = -10050*m + 50248. Give q(5).
-2
Let t(l) = -l**3 - 3*l**2 + 45*l - 71. Give t(-9).
10
Let d(z) = -z**3 + 17*z**2 + 13*z - 56. Determine d(17).
165
Let p(j) = -4*j**3 - 9*j**2 - 28*j - 42. What is p(-2)?
10
Let m(a) = -a**2 + 13*a - 23. Give m(5).
17
Let k(l) = -988*l - 4112. Determine k(-4).
-160
Let l(w) = 8*w**2 - 150*w + 342. What is l(17)?
104
Let c(i) = 19*i**3 + 3*i**2 + 3*i - 27. Give c(-3).
-522
Let k(m) = 10*m**2 + 77*m - 19. Determine k(-9).
98
Let d(l) = -5*l + 114. Calculate d(22).
4
Let u(s) = -3*s**3 + 57*s**2 + 8*s - 6. What is u(19)?
146
Let w(p) = p**3 - 19*p**2 + p - 58. Determine w(19).
-39
Let i(w) = 3*w - 61. Calculate i(-16).
-109
Let l(w) = w**2 + 51*w + 18. Determine l(-1).
-32
Let k(r) = -3*r**3 - 22*r**2 - 27*r - 43. What is k(-6)?
-25
Let h(b) = -85*b - 21477. Give h(-253).
28
Let r(w) = -95*w - 23. Determine r(1).
-118
Let z(y) = -3*y**2 + 105*y - 364. What is z(4)?
8
Let o(x) = x**2 - 6*x - 57. Determine o(-6).
15
Let c(y) = -26*y**2 - 5994*y + 2780. Calculate c(-231).
8
Let k(b) = 10*b + 731. Calculate k(-49).
241
Let t(s) = s**2 - 154*s - 14495. Determine t(-66).
25
Let i(l) = -3*l**2 + 209*l - 1121. Calculate i(6).
25
Let w(y) = 950*y**2 + 5701*y + 9. What is w(-6)?
3
Let x(h) = -h**3 + 9*h**2 - 26*h + 91. Determine x(6).
43
Let d(t) = 24*t**3 - 2*t**2 - 32*t - 28. What is d(-1)?
-22
Let h(r) = -1068*r + 1055. What is h(1)?
-13
Let g(o) = 24*o - 231. Calculate g(7).
-63
Let x(c) = -c**2 - 103*c - 709. What is x(-7)?
-37
Let p(f) = -f**3 - 48*f**2 + 3*f + 222. What is p(-48)?
78
Let p(y) = -10*y**2 - 18*y - 34. Calculate p(-2).
-38
Let x(u) = 4*u**2 - 185*u + 2012. Determine x(20).
-88
Let g(a) = -2*a**3 + 2*a**2 - 8*a - 21. Calculate g(-2).
19
Let f(m) = 7*m**2 - 5*m - 31. Calculate f(-3).
47
Let l(z) = -21*z + 40. Determine l(7).
-107
Let l(n) = 3*n**2 - 8*n - 360. What is l(21)?
795
Let f(r) = 2*r**3 - 37*r**2 - 39*r + 359. Determine f(19).
-21
Let i(q) = -q**2 - 7*q + 39. Give i(-24).
-369
Let k(d) = 7276*d + 94580. What is k(-13)?
-8
Let v(n) = 12*n + 564. Determine v(-46).
12
Let r(y) = -y**2 + 6*y - 15. What is r(-26)?
-847
Let j(y) = -2*y**2 + 52*y - 49. Give j(25).
1
Let t(d) = -d**3 - 18*d**2 - 16*d - 292. Determine t(-18).
-4
Let g(k) = -243*k - 2430. Calculate g(-10).
0
Let v(l) = 2*l**2 - 126*l + 67. Calculate v(64).
195
Let h(j) = 388*j + 387. Give h(-1).
-1
Let k(z) = -z**3 + 30*z**2 + 2*z + 903. Give k(31).
4
Let m(q) = 63*q - 2138. What is m(34)?
4
Let m(v) = -5*v**2 + v + 14. Determine m(4).
-62
Let w(f) = 10*f**3 + 51*f**2 + 10*f + 11. Determine w(-5).
-14
Let m(u) = -6*u + 1. Give m(5).
-29
Let z(j) = -6*j**2 + 45*j + 12. Calculate z(8).
-12
Let b(q) = 60*q**3 + 8*q - 7. What is b(1)?
61
Let y(n) = n**2 - 17*n + 65. What is y(7)?
-5
Let u(g) = -13*g - 481. Calculate u(-29).
-104
Let y(n) = n**2 - 20*n + 7. Determine y(22).
51
Let n(j) = j**2 + 728*j - 8131. Calculate n(11).
-2
Let s(w) = -w**2 + 1185*w + 19212. Calculate s(-16).
-4
Let n(g) = -g**3 + 117*g**2 - 1164*g - 115. What is n(106)?
97
Let a(r) = 5*r**2 + 125*r + 43. Calculate a(-25).
43
Let s(b) = 7*b**3 - 3*b**2 - b + 1. Determine s(1).
4
Let b(t) = t**3 + 25*t**2 + 3*t + 19. Calculate b(-25).
-56
Let q(v) = -v**3 + 11*v**2 - 6*v + 2. Determine q(10).
42
Let c(o) = 29*o + 233. Give c(-7).
30
Let s(t) = -80*t - 244. Determine s(-3).
-4
Let o(c) = -c**3 - c**2 + 16*c - 1. What is o(-6)?
83
Let f(c) = -c**3 + 20*c**2 - 7*c + 78. What is f(20)?
-62
Let k(q) = 5*q**3 - 397*q**2 - 263*q + 1830. Give k(80).
-10
Let p(i) = 24*i + 275. Determine p(-11).
11
Let p(r) = r**3 + 153*r**2 - 10*r - 1530. Calculate p(-153).
0
Let k(d) = -232*d - 7195. Give k(-31).
-3
Let j(f) = f**3 + 56*f**2 + 202*f - 221. What is j(-52)?
91
Let y(d) = d**2 + 62*d + 883. What is y(-26)?
-53
Let b(i) = -i**3 - 15*i**2 - 4*i + 73. What is b(-14)?
-67
Let c(j) = -7*j**2 - 236*j - 151. What is c(-33)?
14
Let s(f) = -f**3 + 20*f**2 + 40*f - 22. What is s(21)?
377
Let s(x) = -x**3 - 10*x**2 - 25*x - 42. Give s(-10).
208
Let n(j) = -33*j - 408. Calculate n(-11).
-45
Let b(r) = -r**3 - 48*r**2 + 155*r + 125. Determine b(-51).
23
Let o(n) = -n**2 - 20*n + 114. Determine o(-25).
-11
Let d(w) = 9*w + 299. Determine d(-46).
-115
Let u(q) = 19*q - 38. Calculate u(4).
38
Let v(f) = -f**3 - 21*f**2 - 56*f - 49. Calculate v(-18).
-13
Let i(g) = 9*g + 25. Determine i(-5).
-20
Let f(r) = 94*r + 6080. Calculate f(-65).
-30
Let q(n) = -66*n - 1362. What is q(-22)?
90
Let p(y) = -65*y - 162. Determine p(3).
-357
Let b(p) = 2*p**2 + 13*p - 43. Calculate b(3).
14
Let m(u) = -25*u + 34. What is m(1)?
9
Let y(i) = -369*i + 41. Calculate y(0).
41
Let 